t are the prime factors of 3088259?
127, 24317
What are the prime factors of 6930611?
17, 19, 43, 499
What are the prime factors of 67643?
17, 23, 173
List the prime factors of 115727.
115727
List the prime factors of 1117514.
2, 558757
List the prime factors of 15136572.
2, 3, 11, 114671
What are the prime factors of 662097?
3, 220699
What are the prime factors of 917836?
2, 229459
What are the prime factors of 10487801?
10487801
What are the prime factors of 371750?
2, 5, 1487
What are the prime factors of 10670541?
3, 7, 31, 37, 443
List the prime factors of 1132173.
3, 7, 17971
What are the prime factors of 6478707?
3, 1153, 1873
What are the prime factors of 12748234?
2, 6374117
What are the prime factors of 1313046?
2, 3, 7, 17, 613
List the prime factors of 1092422.
2, 546211
List the prime factors of 11748758.
2, 7, 37, 613
List the prime factors of 27089290.
2, 5, 1373, 1973
What are the prime factors of 14012791?
13, 113, 9539
What are the prime factors of 3944721?
3, 11, 10867
What are the prime factors of 609297?
3, 13, 17, 919
List the prime factors of 13211196.
2, 3, 1100933
List the prime factors of 10518323.
37, 271, 1049
List the prime factors of 2793550.
2, 5, 55871
What are the prime factors of 3651654?
2, 3, 608609
What are the prime factors of 973676?
2, 11, 22129
What are the prime factors of 13642286?
2, 7, 107, 1301
List the prime factors of 29056.
2, 227
What are the prime factors of 1687564?
2, 421891
List the prime factors of 690894.
2, 3, 131, 293
List the prime factors of 6987299.
11, 797
What are the prime factors of 556991?
23, 61, 397
List the prime factors of 2272942.
2, 7, 179, 907
What are the prime factors of 636078?
2, 3, 106013
What are the prime factors of 22598214?
2, 3, 277, 13597
What are the prime factors of 184513?
7, 43, 613
List the prime factors of 433640.
2, 5, 37, 293
What are the prime factors of 236347?
127, 1861
List the prime factors of 18972791.
41, 359, 1289
What are the prime factors of 495000?
2, 3, 5, 11
What are the prime factors of 1140245?
5, 228049
What are the prime factors of 6247586?
2, 29, 107717
List the prime factors of 4126282.
2, 2063141
List the prime factors of 3500087.
71, 49297
What are the prime factors of 47602?
2, 23801
List the prime factors of 1842929.
11, 239, 701
What are the prime factors of 40237?
40237
What are the prime factors of 14148662?
2, 11, 643121
What are the prime factors of 1037128?
2, 129641
List the prime factors of 404565.
3, 5, 7, 3853
List the prime factors of 193435.
5, 11, 3517
What are the prime factors of 547364?
2, 136841
What are the prime factors of 9707972?
2, 71, 34183
What are the prime factors of 2516997?
3, 7, 29, 4133
List the prime factors of 245574.
2, 3, 7, 1949
List the prime factors of 266519.
11, 24229
List the prime factors of 955037.
955037
List the prime factors of 87954.
2, 3, 107, 137
List the prime factors of 150497.
150497
What are the prime factors of 181458?
2, 3, 17, 593
List the prime factors of 374413.
13, 83, 347
What are the prime factors of 442852?
2, 19, 5827
What are the prime factors of 23227284?
2, 3, 127, 15241
List the prime factors of 9711014.
2, 19, 23, 41, 271
List the prime factors of 428183.
7, 61169
What are the prime factors of 176195?
5, 131, 269
List the prime factors of 279041.
7, 39863
List the prime factors of 1641545.
5, 29, 11321
List the prime factors of 204900.
2, 3, 5, 683
List the prime factors of 298552.
2, 67, 557
What are the prime factors of 2724807?
3, 31, 83, 353
List the prime factors of 780750.
2, 3, 5, 347
List the prime factors of 2718008.
2, 339751
List the prime factors of 27299.
27299
What are the prime factors of 382621?
382621
List the prime factors of 1645329.
3, 7, 47, 1667
List the prime factors of 58942.
2, 13, 2267
What are the prime factors of 201640?
2, 5, 71
What are the prime factors of 922874?
2, 461437
List the prime factors of 26995.
5, 5399
List the prime factors of 319153.
439, 727
List the prime factors of 247377.
3, 13, 6343
What are the prime factors of 2970045?
3, 5, 13, 5077
List the prime factors of 16285.
5, 3257
What are the prime factors of 178637?
41, 4357
What are the prime factors of 62876?
2, 11, 1429
List the prime factors of 1526502.
2, 3, 29, 31, 283
List the prime factors of 254393.
71, 3583
List the prime factors of 82987.
31, 2677
What are the prime factors of 37089?
3, 13, 317
What are the prime factors of 1498456?
2, 97, 1931
What are the prime factors of 1491261?
3, 53, 83, 113
List the prime factors of 3359213.
11, 13, 139
List the prime factors of 8429666.
2, 7, 86017
List the prime factors of 2150391.
3, 47, 101, 151
List the prime factors of 214584.
2, 3, 8941
What are the prime factors of 19667387?
37, 531551
What are the prime factors of 170425?
5, 17, 401
What are the prime factors of 2766184?
2, 345773
What are the prime factors of 447758?
2, 131, 1709
List the prime factors of 6480789.
3, 7, 44087
List the prime factors of 14773338.
2, 3, 43, 19087
What are the prime factors of 1426570?
2, 5, 142657
List the prime factors of 366572.
2, 113, 811
What are the prime factors of 1020053?
19, 37, 1451
What are the prime factors of 22491074?
2, 11245537
What are the prime factors of 355012?
2, 7, 31, 409
List the prime factors of 1833574.
2, 916787
List the prime factors of 19941830.
2, 5, 19, 103, 1019
List the prime factors of 13043.
13043
What are the prime factors of 2216484?
2, 3, 6841
What are the prime factors of 95370?
2, 3, 5, 11, 17
List the prime factors of 294465.
3, 5, 67, 293
What are the prime factors of 695815?
5, 317, 439
What are the prime factors of 1498374?
2, 3, 83243
List the prime factors of 1678656.
2, 3, 7, 1249
List the prime factors of 113069.
11, 19, 541
List the prime factors of 2580125.
5, 20641
List the prime factors of 16087338.
2, 3, 17, 19, 2767
List the prime factors of 1339696.
2, 31, 37, 73
What are the prime factors of 539704?
2, 11, 6133
List the prime factors of 90355.
5, 17, 1063
What are the prime factors of 72801?
3, 8089
What are the prime factors of 850908?
2, 3, 23, 3083
What are the prime factors of 563353?
7, 11497
What are the prime factors of 2334041?
313, 7457
What are the prime factors of 733888?
2, 11467
List the prime factors of 3265597.
3265597
List the prime factors of 280191.
3, 59, 1583
What are the prime factors of 402406?
2, 201203
What are the prime factors of 170927?
170927
What are the prime factors of 2168545?
5, 59, 7351
List the prime factors of 146379.
3, 59, 827
What are the prime factors of 2607376?
2, 107, 1523
List the prime factors of 3055454.
2, 1527727
List the prime factors of 4120710.
2, 3, 5, 11, 12487
What are the prime factors of 1446615?
3, 5, 17, 31, 61
What are the prime factors of 215144?
2, 26893
What are the prime factors of 152024?
2, 31, 613
What are the prime factors of 2934912?
2, 3, 7643
What are the prime factors of 7882419?
3, 2627473
What are the prime factors of 1635313?
1635313
List the prime factors of 110583.
3, 11, 1117
What are the prime factors of 7147926?
2, 3, 44123
What are the prime factors of 3585294?
2, 3, 409, 487
List the prime factors of 412650.
2, 3, 5, 7, 131
What are the prime factors of 807305?
5, 161461
List the prime factors of 916868.
2, 229217
List the prime factors of 1678443.
3, 13, 43037
What are the prime factors of 376667?
41, 9187
What are the prime factors of 10079435?
5, 229, 8803
List the prime factors of 1258543.
11, 13, 677
What are the prime factors of 778898?
2, 191, 2039
List the prime factors of 374052.
2, 3, 7, 61, 73
List the prime factors of 23352397.
43, 71, 7649
List the prime factors of 32408.
2, 4051
List the prime factors of 13618810.
2, 5, 79, 17239
List the prime factors of 184891.
7, 61, 433
List the prime factors of 2146878.
2, 3, 83, 479
List the prime factors of 2636291.
7, 137, 2749
List the prime factors of 19539318.
2, 3, 3256553
List the prime factors of 781073.
79, 9887
List the prime factors of 1639195.
5, 327839
What are the prime factors of 714751?
714751
What are the prime factors of 342128?
2, 21383
What are the prime factors of 868666?
2, 17, 29, 881
What are the prime factors of 505559?
505559
What are the prime factors of 360064?
2, 29, 97
What are the prime factors of 379127